f 54 and z.
9
Let q be (-214)/(-18) + 819/81 + -10. Calculate the greatest common divisor of 17916 and q.
12
Suppose 2650 + 2790 = 3*s + 5*s. What is the highest common divisor of 740 and s?
20
Let t = -3247 - -3310. Calculate the greatest common factor of 24759 and t.
63
Suppose -13*w + 1701 = -6*w. Let y = -242 + w. What is the highest common divisor of y and 1?
1
Let k(n) = n**2 + 137*n - 3572. Let f be k(23). Calculate the highest common factor of f and 964.
4
Let l = -12 + 29. Suppose 15*d = l*d - 4. Suppose -d - 1 = -a. What is the highest common divisor of a and 33?
3
Let l = 14947 - 14875. Suppose a - 14 = -g, 3*g + 2*a = -3*a + 34. What is the highest common factor of g and l?
18
Let n = -112 + 96. Let f be (-15)/(-6)*n*(-3)/30. Calculate the highest common factor of f and 4.
4
Suppose 2*r - 651 = 2*u - 645, -2*r + 20 = 5*u. What is the greatest common factor of u and 278?
2
Suppose 5*c = 170 + 230. Suppose -5*s = -9*s - c. Let a be (8/s)/(7/(-420)). What is the highest common divisor of 72 and a?
24
Suppose -2*s = l - 1568, -2*s = 75*l - 72*l - 4688. What is the highest common factor of l and 1716?
156
Let f be (-8)/52 + 7/(91/457). Let u be (-3 - -1)/(((-4)/(-770))/(-1)). What is the highest common divisor of f and u?
35
Suppose 1 = -2*m - 5*y, -25*y + 21*y = m + 5. Let w be (4 - 2)/((-6)/(-3843)*m). What is the highest common divisor of w and 61?
61
Suppose 0 = -10*l - 9835 + 1625. Let i = l - -850. Calculate the greatest common factor of i and 377.
29
Suppose 2*d + 15 = 2*g - 5, 3*d = -12. Calculate the greatest common divisor of g and 5802.
6
Let m = 458 - 108. What is the greatest common factor of 14 and m?
14
Suppose -3*p - 8 = 4*g + p, -5*g - 2*p - 4 = 0. Let a be 21 - g/(5 - 3). Suppose 0 = 2*n - 19 - 107. What is the greatest common factor of a and n?
21
Let k(l) = l**2 + 154*l - 5387. Let b be k(-186). What is the greatest common divisor of b and 1921?
113
Let f = -155 + 555. Suppose -11*q + 293 = -f. Suppose 0 = -4*n - a + 25, 5*n + 3*a = -a + 23. Calculate the greatest common divisor of n and q.
7
Let d = 11229 + -11134. Calculate the greatest common divisor of 1444 and d.
19
Suppose -c + 400 = 5*m, -88 = -3*m - 5*c + 152. Calculate the highest common factor of 3920 and m.
80
Suppose 49 = 5*y + 4. Suppose -6*m = -36 - 1044. Suppose t - 135 = -3*n - 0*t, 4*n + 3*t = m. What is the highest common divisor of n and y?
9
Let x(j) = j**2 + 11*j + 30. Let w be x(-6). Suppose 3*v - 8*a + 4*a - 31 = w, v = 3*a + 12. What is the highest common divisor of 6 and v?
3
Let i(m) = 99*m. Let a be i(4). Let b = 122 + -128. Let p(z) = z**2 + 4*z + 24. Let g be p(b). What is the highest common divisor of a and g?
36
Let p(x) = 15*x - 28. Suppose -4*t - 1 = -9. Let h be p(t). What is the greatest common factor of 16 and h?
2
Suppose 0 = -t + 82 - 194. Let m = t - -113. Let i be (3/((-6)/5))/(6/(-12)). What is the greatest common divisor of i and m?
1
Suppose -23*q + n = -26*q + 8790, -2*n = -2*q + 5860. What is the greatest common divisor of q and 10?
10
Suppose -18*u = 4 - 22. Let c be u*20 - (2 - (-3 + 1)). Calculate the highest common factor of 72 and c.
8
Let n(g) = g**2 - 38*g - 92. Let l(p) = 2*p**2 - 38*p - 93. Let w(c) = -2*l(c) + 3*n(c). Let z be w(-28). Calculate the highest common factor of 114 and z.
38
Suppose 0 = l - 61175 + 61127. What is the greatest common divisor of l and 1884?
12
Let y be ((-16)/(-14) + 0)/((-28)/(-98)). Suppose 0*g - 4*g + s + 197 = 0, 265 = 5*g + 5*s. Let k = g + -48. What is the highest common divisor of k and y?
2
Suppose -175 = -3*r - 2*r. Let x(j) = -j**3 + 7*j**2 - 8*j - 3. Suppose -3*y + 70 = 11*y. Let g be x(y). What is the greatest common factor of g and r?
7
Suppose 0 = 7*t + 10*t + 12240. Let j be (2/(-5) + 1)*5. Let s be (3/(-6))/(5/t*j). Calculate the highest common factor of s and 12.
12
Let l = 49 + 27. Let v be l/(-1)*1/(-2) - 3. Let b = v + -19. Calculate the greatest common factor of b and 144.
16
Suppose 0 = 34*q - 44*q + 1200. Calculate the greatest common factor of 390 and q.
30
Let k = -1494 + 1598. What is the highest common factor of k and 1118?
26
Suppose 370871 = 12*f + 57*f - 201829. What is the greatest common divisor of 100 and f?
100
Suppose 2*b - 18*b + 1968 = 0. Suppose -131*t + b*t = -8. What is the highest common divisor of 22 and t?
1
Suppose 2*a - 5*g + 9 = 0, 7027 - 7024 = a - g. Let j = 2 + 0. Let u be 32 + j + -4 + 2. What is the highest common divisor of a and u?
8
Let y be ((-36)/(-42) - (-12523)/196)*4. Let r be (3 + -1)/2 + 900/25. Calculate the greatest common factor of y and r.
37
Let f = -659 - -662. Suppose -2*i = 5*y - 315, 498 = f*i - 6*y + 5*y. What is the greatest common divisor of 110 and i?
55
Let s(n) = n**2 + 11*n - 44. Let j be s(11). Suppose -j*d = -204*d + 660. Calculate the highest common factor of d and 88.
22
Let b(d) = -d**3 + 10*d**2 - 20*d - 16. Let l be b(7). Let k be l/(-6) - ((-21)/6 - 3). What is the greatest common divisor of 12 and k?
4
Let t be ((-286)/(-104))/(1/12) + 7. Calculate the highest common factor of t and 5120.
40
Let x(r) = 76*r - 396. Let w be x(9). Calculate the greatest common factor of w and 1080.
72
Let h be ((-2226)/(-18))/7*3. Suppose 5*c = -0*m + 4*m + 20, -2*c + 4*m + 20 = 0. Suppose g - h - 19 = c. Calculate the highest common factor of g and 24.
24
Let d be (-2)/61 - (-58)/((-49532)/(-65786)). Let b be 1/((-2)/(-13 + -1)). Calculate the greatest common divisor of b and d.
7
Let w(q) = 89*q - 41. Let p be w(1). Calculate the greatest common factor of 300 and p.
12
Let h be 8 + (2/6 - (-57385)/15). What is the greatest common divisor of 54 and h?
54
Suppose 0 = 9*a - 18*a + 45. Suppose 0 = 4*k - a*c - 35, -5*c = 4*k - k. Calculate the greatest common divisor of 4 and k.
1
Let w be (-1776)/56 + 4/(-14). Let d = w + 22. Let t = 14 - d. Calculate the greatest common factor of 8 and t.
8
Let j = 1079 + -1020. Calculate the highest common divisor of j and 4897.
59
Let i(v) = 196*v**3 + v**2 + 8*v + 8. Let q be i(-1). Let p = -171 - q. Let c = 167 + 73. What is the greatest common divisor of p and c?
24
Let z(s) = s**2 - 29*s + 52. Let j be z(25). Let v = j + 52. Suppose 2*c + 212 = 5*d, 0 = v*c + 4 - 0. Calculate the greatest common factor of 63 and d.
21
Let r(y) = 13*y - 5. Let j be ((-4)/(-5))/(8/20). Let w be r(j). Suppose -3*g + 439 = 250. Calculate the highest common factor of w and g.
21
Let u(j) = j**2 - 7*j - 28. Let r be u(11). Suppose -4750 = -r*y + 5714. What is the highest common factor of 6 and y?
6
Let b be (-8)/(1/10*2). Let v = b + 51. Let a(z) = z**2 - 8*z - 25. Let s be a(v). Calculate the highest common factor of s and 1.
1
Suppose 2352*p - 2345*p - 4956 = 0. Suppose -12 = -3*h, 65 = 5*r + 5*h - 15. Calculate the highest common factor of r and p.
12
Let f(z) = -310*z + 7900. Let u be f(24). What is the highest common divisor of 1820 and u?
20
Let n(l) = l**2 - 14*l + 340. Let q be n(16). Calculate the highest common factor of q and 96.
12
Let c = -13676 + 14809. Calculate the greatest common divisor of 1236 and c.
103
Let n(m) = 5*m - 5. Let j be n(11). Let l be (-99)/(-2) + 7/14. Suppose -6*k = -k - l. Calculate the greatest common factor of j and k.
10
Suppose 3*s = 3*s - 3*s. Suppose 0 = 4*l - l, -3*t + 3*l + 30 = s. What is the highest common divisor of t and 5?
5
Let p(s) = -s**2 - 7*s - 3. Let j be p(-4). Let g be 6*(40/(-12) + 4)*-27. Let a be ((-1)/(-4))/((-3)/g). What is the highest common divisor of j and a?
9
Let f = 41 - 21. Suppose -114*h + 110*h + 120 = 0. What is the greatest common factor of h and f?
10
Let t be 1*2/(-60)*-18*1035/1. Calculate the highest common divisor of t and 297.
27
Suppose -66*d + 33489 = -5*d. What is the greatest common factor of d and 366?
183
Let r(j) = 5*j**2 - 16*j + 35. Let t be r(5). Let n(z) = 13*z**2 - 6*z + 8. Let l be n(1). What is the greatest common factor of l and t?
5
Let x(i) = 2*i**3 + 80*i**2 + i + 45. Let v be x(-40). Let m be (4/2)/(2/25). Let o = m + -10. Calculate the greatest common factor of o and v.
5
Suppose -228*n + 221*n = -6762. What is the greatest common divisor of 115 and n?
23
Let n(m) = 3*m**2 + 51*m - 1329. Let f be n(17). What is the highest common factor of 20 and f?
5
Let r be -6 - (-96)/15 - 5666/(-10). What is the hig